d by 185?
161
What is the remainder when 65 is divided by 19?
8
Calculate the remainder when 431 is divided by 109.
104
Calculate the remainder when 242 is divided by 206.
36
What is the remainder when 7859 is divided by 6?
5
Calculate the remainder when 105 is divided by 9.
6
Calculate the remainder when 3373 is divided by 14.
13
Calculate the remainder when 282 is divided by 115.
52
What is the remainder when 1516 is divided by 33?
31
Calculate the remainder when 146 is divided by 77.
69
What is the remainder when 1129 is divided by 112?
9
What is the remainder when 764 is divided by 129?
119
What is the remainder when 1188 is divided by 52?
44
Calculate the remainder when 59 is divided by 24.
11
Calculate the remainder when 1871 is divided by 18.
17
What is the remainder when 201 is divided by 1?
0
Calculate the remainder when 8032 is divided by 103.
101
Calculate the remainder when 478 is divided by 16.
14
What is the remainder when 356 is divided by 3?
2
What is the remainder when 22593 is divided by 42?
39
Calculate the remainder when 757 is divided by 11.
9
What is the remainder when 540 is divided by 75?
15
What is the remainder when 1102 is divided by 188?
162
What is the remainder when 267 is divided by 48?
27
What is the remainder when 1345 is divided by 180?
85
Calculate the remainder when 1083 is divided by 73.
61
What is the remainder when 18380 is divided by 13?
11
Calculate the remainder when 579 is divided by 21.
12
What is the remainder when 559 is divided by 27?
19
Calculate the remainder when 629 is divided by 138.
77
Calculate the remainder when 7563 is divided by 97.
94
Calculate the remainder when 221 is divided by 19.
12
Calculate the remainder when 128 is divided by 65.
63
Calculate the remainder when 238 is divided by 15.
13
What is the remainder when 118 is divided by 14?
6
Calculate the remainder when 1186 is divided by 17.
13
Calculate the remainder when 100 is divided by 52.
48
What is the remainder when 211 is divided by 36?
31
Calculate the remainder when 223 is divided by 5.
3
What is the remainder when 494 is divided by 11?
10
Calculate the remainder when 1089 is divided by 240.
129
Calculate the remainder when 76 is divided by 14.
6
What is the remainder when 116 is divided by 19?
2
Calculate the remainder when 626 is divided by 21.
17
Calculate the remainder when 80 is divided by 27.
26
Calculate the remainder when 4791 is divided by 26.
7
What is the remainder when 501 is divided by 11?
6
Calculate the remainder when 226 is divided by 186.
40
Calculate the remainder when 300 is divided by 300.
0
Calculate the remainder when 18 is divided by 4.
2
Calculate the remainder when 1852 is divided by 49.
39
What is the remainder when 1325 is divided by 66?
5
Calculate the remainder when 590 is divided by 18.
14
Calculate the remainder when 97 is divided by 46.
5
Calculate the remainder when 1835 is divided by 1825.
10
What is the remainder when 523 is divided by 81?
37
What is the remainder when 588 is divided by 85?
78
Calculate the remainder when 396 is divided by 259.
137
Calculate the remainder when 193 is divided by 100.
93
What is the remainder when 15327 is divided by 146?
143
What is the remainder when 185 is divided by 28?
17
What is the remainder when 471 is divided by 69?
57
Calculate the remainder when 340 is divided by 174.
166
What is the remainder when 2975 is divided by 13?
11
Calculate the remainder when 4615 is divided by 132.
127
What is the remainder when 1218 is divided by 72?
66
Calculate the remainder when 41 is divided by 15.
11
Calculate the remainder when 4982 is divided by 18.
14
What is the remainder when 142 is divided by 48?
46
What is the remainder when 4280 is divided by 855?
5
Calculate the remainder when 347 is divided by 12.
11
What is the remainder when 13385 is divided by 69?
68
Calculate the remainder when 24826 is divided by 11.
10
Calculate the remainder when 977 is divided by 158.
29
What is the remainder when 2175 is divided by 356?
39
Calculate the remainder when 372 is divided by 136.
100
What is the remainder when 51 is divided by 16?
3
Calculate the remainder when 1816 is divided by 65.
61
What is the remainder when 45 is divided by 31?
14
What is the remainder when 64 is divided by 17?
13
What is the remainder when 485 is divided by 29?
21
Calculate the remainder when 2006 is divided by 41.
38
Calculate the remainder when 62 is divided by 9.
8
Calculate the remainder when 3526 is divided by 59.
45
What is the remainder when 81 is divided by 12?
9
What is the remainder when 16690 is divided by 39?
37
Calculate the remainder when 321 is divided by 17.
15
Calculate the remainder when 149 is divided by 34.
13
What is the remainder when 4679 is divided by 10?
9
Calculate the remainder when 3595 is divided by 60.
55
What is the remainder when 4691 is divided by 54?
47
Calculate the remainder when 171 is divided by 47.
30
Calculate the remainder when 99 is divided by 42.
15
What is the remainder when 74 is divided by 7?
4
What is the remainder when 161 is divided by 24?
17
Calculate the remainder when 466 is divided by 52.
50
What is the remainder when 658 is divided by 218?
4
Calculate the remainder when 464 is divided by 456.
8
What is the remainder when 899 is divided by 18?
17
Calculate the remainder when 140 is divided by 19.
7
What is the remainder when 1635 is divided by 75?
60
Calculate the remainder when 346 is divided by 91.
73
What is the remainder when 354 is divided by 89?
87
What is the remainder when 411 is divided by 6?
3
What is the remainder when 111 is divided by 104?
7
What is the remainder when 229 is divided by 5?
4
Calculate the remainder when 115 is divided by 29.
28
What is the remainder when 7959 is divided by 199?
198
Calculate the remainder when 89 is divided by 6.
5
What is the remainder when 98 is divided by 3?
2
Calculate the remainder when 481 is divided by 44.
41
Calculate the remainder when 236 is divided by 43.
21
What is the remainder when 136 is divided by 36?
28
Calculate the remainder when 4990 is divided by 185.
180
Calculate the remainder when 251 is divided by 36.
35
Calculate the remainder when 794 is divided by 786.
8
What is the remainder when 356 is divided by 51?
50
What is the remainder when 1006 is divided by 39?
31
What is the remainder when 102 is divided by 23?
10
Calculate the remainder when 19812 is divided by 18.
12
Calculate the remainder when 1041 is divided by 31.
18
What is the remainder when 6423 is divided by 15?
3
What is the remainder when 140 is divided by 49?
42
What is the remainder when 19 is divided by 7?
5
What is the remainder when 251 is divided by 63?
62
Calculate the remainder when 99 is divided by 27.
18
Calculate the remainder when 665 is divided by 78.
41
Calculate the remainder when 116 is divided by 59.
57
Calculate the remainder when 520 is divided by 4.
0
What is the remainder when 8329 is divided by 397?
389
Calculate the remainder when 3209 is divided by 1604.
1
What is the remainder when 140 is divided by 69?
2
Calculate the remainder when 1407 is divided by 30.
27
What is the remainder when 711 is divided by 352?
7
Calculate the remainder when 85 is divided by 56.
29
What is the remainder when 503 is divided by 86?
73
What is the remainder when 241 is divided by 96?
49
What is the remainder when 133 is divided by 3?
1
Calculate the remainder when 1034 is divided by 93.
11
What is the remainder when 1316 is divided by 33?
29
What is the remainder when 365 is divided by 121?
2
What is the remainder when 285 is divided by 98?
89
What is the remainder when 928 is divided by 99?
37
What is the remainder when 195 is divided by 11?
8
Calculate the remainder when 9799 is divided by 81.
79
What is the remainder when 374 is divided by 76?
70
Calculate the remainder when 115 is divided by 39.
37
What is the remainder when 1198 is divided by 238?
8
Calculate the remainder when 1773 is divided by 150.
123
Calculate the remainder when 1528 is divided by 166.
34
Calculate the remainder when 2347 is divided by 9.
7
Calculate the remainder when 705 is divided by 101.
99
What is the remainder when 2022 is divided by 500?
22
What is the remainder when 758 is divided by 160?
118
What is the remainder when 71